ided by 17?
12
What is the remainder when 30 is divided by 25?
5
Calculate the remainder when 1739 is divided by 17.
5
What is the remainder when 3164 is divided by 32?
28
Calculate the remainder when 70 is divided by 36.
34
What is the remainder when 919 is divided by 92?
91
Calculate the remainder when 81 is divided by 51.
30
Calculate the remainder when 2209 is divided by 619.
352
What is the remainder when 677 is divided by 326?
25
What is the remainder when 1583 is divided by 122?
119
What is the remainder when 1030 is divided by 45?
40
What is the remainder when 2575 is divided by 1283?
9
Calculate the remainder when 289 is divided by 244.
45
What is the remainder when 8623 is divided by 115?
113
What is the remainder when 1612 is divided by 1607?
5
Calculate the remainder when 346 is divided by 9.
4
What is the remainder when 24 is divided by 1?
0
Calculate the remainder when 1622 is divided by 32.
22
Calculate the remainder when 1026 is divided by 37.
27
What is the remainder when 220 is divided by 117?
103
Calculate the remainder when 1944 is divided by 149.
7
What is the remainder when 3821 is divided by 382?
1
What is the remainder when 516 is divided by 155?
51
Calculate the remainder when 21 is divided by 11.
10
What is the remainder when 51567 is divided by 6?
3
What is the remainder when 768 is divided by 129?
123
Calculate the remainder when 1301 is divided by 56.
13
Calculate the remainder when 9706 is divided by 16.
10
Calculate the remainder when 1896 is divided by 190.
186
Calculate the remainder when 6473 is divided by 4.
1
Calculate the remainder when 119 is divided by 12.
11
Calculate the remainder when 643 is divided by 4.
3
Calculate the remainder when 111 is divided by 49.
13
Calculate the remainder when 379 is divided by 48.
43
What is the remainder when 48305 is divided by 249?
248
What is the remainder when 4912 is divided by 11?
6
What is the remainder when 2857 is divided by 99?
85
What is the remainder when 2384 is divided by 2380?
4
What is the remainder when 213 is divided by 37?
28
What is the remainder when 5779 is divided by 107?
1
What is the remainder when 594 is divided by 150?
144
Calculate the remainder when 283 is divided by 26.
23
What is the remainder when 21 is divided by 15?
6
Calculate the remainder when 403 is divided by 199.
5
Calculate the remainder when 2484 is divided by 71.
70
What is the remainder when 1606 is divided by 8?
6
Calculate the remainder when 1246 is divided by 174.
28
What is the remainder when 421 is divided by 5?
1
Calculate the remainder when 195 is divided by 26.
13
Calculate the remainder when 78 is divided by 41.
37
Calculate the remainder when 289 is divided by 30.
19
What is the remainder when 656 is divided by 22?
18
Calculate the remainder when 280 is divided by 59.
44
What is the remainder when 52 is divided by 17?
1
What is the remainder when 164 is divided by 49?
17
Calculate the remainder when 59 is divided by 15.
14
What is the remainder when 297 is divided by 49?
3
Calculate the remainder when 1339 is divided by 364.
247
What is the remainder when 288 is divided by 49?
43
Calculate the remainder when 2020 is divided by 227.
204
What is the remainder when 2406 is divided by 105?
96
What is the remainder when 316 is divided by 33?
19
What is the remainder when 1207 is divided by 247?
219
What is the remainder when 1168 is divided by 45?
43
What is the remainder when 4942 is divided by 16?
14
Calculate the remainder when 579 is divided by 21.
12
Calculate the remainder when 255 is divided by 52.
47
What is the remainder when 879 is divided by 190?
119
What is the remainder when 636 is divided by 1?
0
Calculate the remainder when 302 is divided by 97.
11
What is the remainder when 35 is divided by 8?
3
Calculate the remainder when 17 is divided by 14.
3
What is the remainder when 333 is divided by 116?
101
Calculate the remainder when 107 is divided by 33.
8
What is the remainder when 162 is divided by 154?
8
What is the remainder when 8866 is divided by 48?
34
What is the remainder when 195 is divided by 9?
6
What is the remainder when 123 is divided by 76?
47
Calculate the remainder when 615 is divided by 3.
0
Calculate the remainder when 569 is divided by 7.
2
Calculate the remainder when 56 is divided by 48.
8
What is the remainder when 615 is divided by 17?
3
Calculate the remainder when 424 is divided by 25.
24
What is the remainder when 354 is divided by 93?
75
Calculate the remainder when 5133 is divided by 42.
9
What is the remainder when 5979 is divided by 68?
63
What is the remainder when 73 is divided by 13?
8
What is the remainder when 2276 is divided by 34?
32
Calculate the remainder when 3710 is divided by 64.
62
What is the remainder when 58629 is divided by 28?
25
Calculate the remainder when 291 is divided by 37.
32
What is the remainder when 1452 is divided by 27?
21
Calculate the remainder when 99 is divided by 3.
0
What is the remainder when 57 is divided by 15?
12
Calculate the remainder when 957 is divided by 263.
168
Calculate the remainder when 64 is divided by 48.
16
Calculate the remainder when 84 is divided by 17.
16
What is the remainder when 782 is divided by 113?
104
Calculate the remainder when 74 is divided by 9.
2
Calculate the remainder when 1209 is divided by 135.
129
Calculate the remainder when 812 is divided by 34.
30
Calculate the remainder when 23144 is divided by 36.
32
Calculate the remainder when 2187 is divided by 11.
9
What is the remainder when 772 is divided by 86?
84
What is the remainder when 107 is divided by 95?
12
Calculate the remainder when 2654 is divided by 5.
4
What is the remainder when 19 is divided by 2?
1
What is the remainder when 183 is divided by 32?
23
Calculate the remainder when 72 is divided by 29.
14
What is the remainder when 16126 is divided by 42?
40
What is the remainder when 389 is divided by 94?
13
Calculate the remainder when 783 is divided by 16.
15
Calculate the remainder when 66 is divided by 13.
1
Calculate the remainder when 1144 is divided by 144.
136
Calculate the remainder when 1773 is divided by 126.
9
What is the remainder when 357 is divided by 163?
31
Calculate the remainder when 3428 is divided by 132.
128
What is the remainder when 563 is divided by 12?
11
What is the remainder when 1135 is divided by 169?
121
What is the remainder when 141 is divided by 23?
3
Calculate the remainder when 84 is divided by 25.
9
What is the remainder when 3477 is divided by 49?
47
Calculate the remainder when 2635 is divided by 4.
3
What is the remainder when 171 is divided by 48?
27
What is the remainder when 3490 is divided by 348?
10
Calculate the remainder when 1168 is divided by 291.
4
What is the remainder when 579 is divided by 5?
4
What is the remainder when 311 is divided by 6?
5
Calculate the remainder when 1700 is divided by 155.
150
Calculate the remainder when 924 is divided by 30.
24
What is the remainder when 2546 is divided by 49?
47
What is the remainder when 4164 is divided by 35?
34
Calculate the remainder when 65 is divided by 27.
11
What is the remainder when 323 is divided by 36?
35
Calculate the remainder when 1031 is divided by 93.
8
What is the remainder when 171 is divided by 72?
27
Calculate the remainder when 157 is divided by 2.
1
Calculate the remainder when 438 is divided by 113.
99
What is the remainder when 400 is divided by 66?
4
Calculate the remainder when 742 is divided by 282.
178
Calculate the remainder when 369 is divided by 134.
101
Calculate the remainder when 558 is divided by 112.
110
What is the remainder when 14 is divided by 5?
4
What is the remainder when 230 is divided by 30?
20
What is the remainder when 5436 is divided by 170?
166
Calculate the remainder when 67 is divided by 15.
7
What is the remainder when 653 is divided by 33?
26
Calculate the remainder when 410 is divided by 68.
2
Calculate the remainder when 19534 is divided by 296.
294
What is the remainder when 154 is divided by 147?
7
Calculate the remainder when 748 is divided by 176.
44
What is the remainder when 60 is divided by 23?
14
What is the remainder when 109 is divided by 53?
3
What is the remainder when 2589 is divided by 54?
51
What is the remainder when 168 is divide